pose 0 = 5*b - 12 - 13. Suppose -8*p + 12 = -b*p. Is (-6318)/(-24) - 1/p a prime number?
True
Suppose 0 = -21*l + 12*l + 60147. Is l a prime number?
False
Let o(w) = 75*w + 5. Suppose b + 2 = -2, 4*t + 3*b = -36. Let u(l) = -l - 2. Let s be u(t). Is o(s) prime?
False
Is 28/(-7) - 5494/(-2) composite?
True
Let j(r) = 4*r**3 - 10*r**2 - 5*r - 7. Suppose 11 = i + 5. Is j(i) a prime number?
True
Let m(g) = -3*g**2 + 5*g. Let a be m(2). Let z(y) = -167*y**3 - y**2 - y + 3. Is z(a) prime?
False
Let d be (-2)/3 + ((-80)/(-15))/8. Suppose 40*a - 41*a + 622 = d. Is a prime?
False
Suppose 62 = 5*x + 3*a - 5*a, 2*x - 2*a = 26. Is 1754/6 - (-8)/x composite?
False
Let r(w) = -w**3 - w**2 - 1. Let g(c) = 3*c**3 + 8*c**2 + 9*c - 1. Let l(f) = g(f) + 6*r(f). Is l(-5) prime?
True
Suppose -r + 3*c = -54, -2*r + 2*c + 296 = 3*r. Let j = 97 - r. Let a = 248 - j. Is a composite?
False
Suppose 0 = -4*b + 4*s + 12, 0 = -b - 3*s + 10 + 5. Suppose 3*v = -39 + b. Let m = 4 - v. Is m prime?
False
Suppose 0 = 3*i - 6*m + 8*m - 12, -i + 2*m = 4. Suppose z - p = 663, 4*z + 2*p + 0*p = 2640. Suppose z = i*r - 1361. Is r a composite number?
True
Suppose -x - 3*d + 26068 = 0, 19*x = 24*x + 3*d - 130400. Is x prime?
True
Suppose -7*k = -2*k - 4205. Let n(a) = -a**3 - 8*a**2 + 3*a + 26. Let t be n(-11). Let d = k - t. Is d prime?
False
Suppose 57*w = 24*w + 80058. Is w prime?
False
Suppose q - 7*g + 6*g = 8820, 2*g + 2 = 0. Is q composite?
False
Is 48/(-60) + 47736/20 a composite number?
True
Suppose -98*f = -92*f - 33486. Is f a prime number?
True
Let n(m) = 15*m**3 - 12*m + m**2 + 5*m + 5*m + 5. Is n(5) prime?
False
Suppose 2*x = -g + 11539, -5*g + 3*x + 28619 + 29141 = 0. Is g prime?
True
Let s(c) = c**3 + 5 - 21*c**2 + 12*c**2 - 14 - 3*c. Is s(16) prime?
False
Let g = 104106 + -61951. Is g prime?
False
Let s(f) = -f**2 + 9*f + 1333. Is s(0) a prime number?
False
Let v(z) = -3*z**3 - 11*z**2 - z + 86. Is v(-9) composite?
True
Let b be (-369 - -11)/((-4)/226). Suppose -b + 7939 = -4*c - z, z = 4*c - 12280. Is c prime?
False
Let g(c) = 70*c + 23. Suppose a + 4 - 2 = 0. Let v = a - -8. Is g(v) composite?
False
Let l be 4 - (0 - (-6 + 2)). Suppose 0*u - 5*u + 830 = l. Is u composite?
True
Suppose -4*z - 4*j + 69 = j, 2*j + 30 = 2*z. Suppose 3*r + r - z = 0. Suppose 573 = -t + r*t. Is t a composite number?
False
Suppose -5 = -5*i + 5. Let s(g) = -g**2 - 20*g + 49. Let l be s(-22). Suppose 4*m + 133 = v + i*m, 0 = -l*v - m + 632. Is v a composite number?
False
Let k be (6/(-9))/(6/2727*-3). Suppose y - k = 1622. Is y prime?
True
Let f = 1789 + -1262. Suppose f - 3382 = -5*w. Is w prime?
True
Let a(b) = 3*b**2 + 45*b + 19. Is a(-22) a composite number?
True
Suppose o - 2 - 3 = -3*m, m - 2*o - 11 = 0. Suppose 0 = 3*l + l - 2440. Suppose 0 = m*t - 581 - l. Is t a prime number?
True
Let f be (-1)/((-2)/(3 + 0 + 3)). Suppose -2606 = -4*i + t - f*t, -4*i - 5*t = -2621. Is i a composite number?
True
Let d(w) = w**2 + 6*w + 1. Let a(f) = 3*f**2 + 13*f + 3. Let b(h) = 2*a(h) - 5*d(h). Let z be b(-14). Let n = z - -394. Is n composite?
False
Let t = 11785 + -7070. Suppose -247 + t = 4*u. Is u prime?
True
Suppose -2*p - 914 = 4*g, 2*p + 2*p = -2*g - 460. Let i = -21 + -16. Let b = i - g. Is b a prime number?
True
Let n = 3 - 5. Let k = -55 - -50. Let y = n - k. Is y composite?
False
Suppose 14*c - 16*c = 22. Let q(a) = a**2 + 8*a - 24. Let r be q(c). Suppose -r*j + 6595 = -4*j. Is j composite?
False
Let f(n) = -2*n + 10. Let l be f(7). Let b be -4*(-1)/l*62. Is b/(((-2)/5)/1) a composite number?
True
Suppose 0 = 5*z + 4*j - 24457, -2027 = -z + 5*j + 2847. Is z composite?
False
Let p(j) = -6 + 0 - 4 + 2*j**2 - 22*j + 0*j**2. Let b be p(-19). Suppose -b = o - 6*o. Is o a prime number?
False
Suppose 4*r - 71584 = 4*y, -r - 8*y = -7*y - 17890. Is r a composite number?
True
Suppose 0 = 4*m + 20 - 0, -g = 3*m - 2865. Is (g - 2)*11/22 composite?
False
Let h be 279/((18/(-4))/(-3)). Let l = h + 68. Is l prime?
False
Let p(g) = 442*g**2 + 18*g - 107. Is p(6) composite?
False
Suppose -5*w + 98571 = -5*i + 4571, -5*w - 4*i = -93991. Is w composite?
True
Suppose -36*s + 34*s = -14. Let y(t) = t**3 + t**2 - 2*t + 1. Is y(s) composite?
False
Suppose 63*n = 59*n. Suppose 14*x - 4884 - 814 = n. Is x a prime number?
False
Let g be (-1 - 6/(-15))*-10. Let m = g - 4. Suppose 3*k - 795 = -m*k. Is k a prime number?
False
Suppose -60 = -v + 3*v. Let q be 5*((-40)/4 + -1). Let c = v - q. Is c prime?
False
Let m be 2*((-9106)/(-10) - (-9)/(-15)). Is (-2)/6 - (-4 - m/6) a prime number?
True
Let r be (60/14)/(2/70). Suppose -3*k - 12 = -r. Is (6/4)/(1/k) a composite number?
True
Let q be (179 - 0)/((-11)/22). Let k = 767 + q. Is k a composite number?
False
Let h(s) = 7*s**3 - s**2 + 2*s - 1. Is h(9) prime?
True
Let z(w) = 30*w**3 - 4*w + 3. Suppose 7*r = 3*r + 12. Suppose -3 - r = -3*h. Is z(h) a composite number?
True
Is 1 + (31215 - (-72)/(-8)) a prime number?
False
Suppose 71*n + 267804 = 4656953. Is n prime?
True
Let l = -24168 - -52853. Is l a prime number?
False
Suppose 5*j = -3*y - 749, 2*y + 500 = -6*j + 2*j. Let r = 1162 + y. Is r a composite number?
True
Suppose -183 = 4*k + 13. Let s = k - -80. Is s prime?
True
Let k be -1*10*2/(-4). Let h be -25*(6/k - 2). Suppose 2*j - h = s - 89, 0 = -3*s - 4*j + 217. Is s prime?
True
Is (3626/(-245))/(2/(-655)) a composite number?
True
Let b(u) = 71*u - 31. Is b(7) a composite number?
True
Let g(m) = -2*m - 4. Let o be g(-4). Suppose 2*z - o*z = -434. Let b = -14 + z. Is b prime?
False
Suppose -q + 75 = n - 37, -5*n + 564 = q. Let i = n + -78. Is i a composite number?
True
Let d(k) = -2*k**2 + 2*k + 395. Let y(q) = -2*q**2 + 2*q + 394. Let s(z) = -5*d(z) + 6*y(z). Is s(0) prime?
True
Suppose -7*g - 5*l + 55475 = -2*g, 55479 = 5*g + 4*l. Is g a prime number?
False
Suppose -g + 16 = -5*g, 0 = -w + 3*g - 23. Let b = -33 - w. Is b prime?
True
Suppose 2*x = -24 - 12. Let j = 71 + x. Is j a prime number?
True
Let o(v) = 2009*v - 505. Is o(7) composite?
True
Let j = 18 - 14. Suppose 3820 = 5*r - 5*s, 3*r + r - 3096 = -j*s. Is r prime?
True
Suppose -4*w - 3*r + 25948 = -3660, -w + 5*r + 7402 = 0. Is w a composite number?
True
Suppose 0 = -4*r - 16 - 4, -14331 = -p - 4*r. Is p a composite number?
True
Suppose -5*z + 7*z - 60 = 0. Let u = -42 + z. Let p(j) = -25*j - 26. Is p(u) a composite number?
True
Let i(x) = 66*x**3 + x**2 - 3*x - 1. Let p be i(-2). Suppose r + 452 + 318 = 0. Let z = p - r. Is z prime?
True
Suppose -3789 = 3*n - 6*n + 3*f, -5*n = 5*f - 6275. Is n a composite number?
False
Suppose -t = 3*u - 5*t - 157141, 0 = 5*u - 4*t - 261915. Is u prime?
True
Suppose -2*c + 17390 = -19136. Is c a prime number?
False
Let v = 3408 - -7027. Suppose -5*k + 4*h + 10399 = 0, 5*k + 5*h = -0*k + v. Suppose 0 = -2*x - m + 754, -4*m + 172 - k = -5*x. Is x a prime number?
True
Let z = -2941 - -4606. Suppose -28 + 4 = 4*c. Is z/6*(-4)/c prime?
False
Suppose 4*s - 4*v = -4, 4*s + 3*v - 17 = -0*v. Suppose s*j - 44 = 3*o - 9, 0 = -5*j - 4*o + 99. Is j composite?
False
Let p = -8 - -11. Suppose -2*j - p*j = -2*t + 497, 5*j - 256 = -t. Is t a composite number?
False
Let y = -7575 - -12571. Let s = y + 1887. Is s a composite number?
False
Let m = -149 + 147. Suppose 5*f = 2*f + 48. Is ((-296)/f)/(m/20) composite?
True
Let b be (-1 + 2)/((-11)/(-2189)). Suppose 3*d - b = -k, -3*d + 4*k + 309 = 2*d. Let n = d + -28. Is n prime?
True
Let a(c) = c**3 + 17*c**2 + c + 21. Let u be a(-17). Is ((-2)/2)/(u/(-2228)) prime?
True
Let q = 180 + -804. Let a = -425 - q. Is a a prime number?
True
Let s = -2828 + 5151. Is s a prime number?
False
Let p be (9/3 - 3)/1. Let r be 1467/3 - (p + 0). Let d = 724 - r. Is d a prime number?
False
Let s = 3053 + -1572. Is s a composite number?
False
Suppose 4*y = 3*h + 2477, 0 = -3*y + 6*h - 10*h + 1889. Is y a composite number?
True
Let m = 48 - -141. Suppose m + 100 = w. Is w a prime number?
False
Is (-1193)/(-2)*(-37 - -43) a prime number?
False
Suppose -4*a - 4*c - 891 = -15, -5*a = c + 1079. Let q = a + 526. Is q a prime number?
True
Suppose 16 + 8 = 3*t. Suppose -t - 4 = -3*w. Suppose 3*s - 4*u - 28 = 83, -w*s + 4*u + 148 = 0. Is s a prime number?
True
Let s(f) = -35*f**2 + 11*f + 2. Let b(m) = -53*m**2 + 17*m + 3. Let y(i) = -i**2 - 6*i - 3. Let r be y(-2